{"id":836,"date":"2016-04-12T20:04:39","date_gmt":"2016-04-12T18:04:39","guid":{"rendered":"http:\/\/buergerforum-mengen.de\/blog\/wordpress\/?page_id=836"},"modified":"2016-04-12T20:04:39","modified_gmt":"2016-04-12T18:04:39","slug":"verschenke-markt-09-04-2016","status":"publish","type":"page","link":"https:\/\/buergerforum-mengen.de\/blog\/wordpress\/bildergalerie\/verschenke-markt-09-04-2016\/","title":{"rendered":"Verschenke Markt 09.04.2016"},"content":{"rendered":"<p><em>Kurz vor der Ausgabe: Die Halle ist gut gef\u00fcllt!<\/em><\/p>\n<p><a href=\"http:\/\/buergerforum-mengen.de\/blog\/wordpress\/wp-content\/uploads\/2016\/04\/Verschenke_1.jpg\" rel=\"attachment wp-att-832\"><img loading=\"lazy\" decoding=\"async\" class=\"alignnone size-full wp-image-832\" src=\"http:\/\/buergerforum-mengen.de\/blog\/wordpress\/wp-content\/uploads\/2016\/04\/Verschenke_1.jpg\" alt=\"Verschenke_1\" width=\"1024\" height=\"768\" \/><\/a><\/p>\n<p><em>Kurz nach Hallen\u00f6ffnung: Der Ansturm war gro\u00df!<\/em><\/p>\n<p><a href=\"http:\/\/buergerforum-mengen.de\/blog\/wordpress\/wp-content\/uploads\/2016\/04\/Verschenke_2.jpg\" rel=\"attachment wp-att-833\"><img loading=\"lazy\" decoding=\"async\" class=\"alignnone size-full wp-image-833\" src=\"http:\/\/buergerforum-mengen.de\/blog\/wordpress\/wp-content\/uploads\/2016\/04\/Verschenke_2.jpg\" alt=\"Verschenke_2\" width=\"1024\" height=\"768\" \/><\/a><\/p>\n<p><em>Um 15 Uhr hatte sich das Angebot schon stark gelichtet<\/em><\/p>\n<p><a href=\"http:\/\/buergerforum-mengen.de\/blog\/wordpress\/wp-content\/uploads\/2016\/04\/Verschenke_3.jpg\" rel=\"attachment wp-att-834\"><img loading=\"lazy\" decoding=\"async\" class=\"alignnone size-full wp-image-834\" src=\"http:\/\/buergerforum-mengen.de\/blog\/wordpress\/wp-content\/uploads\/2016\/04\/Verschenke_3.jpg\" alt=\"Verschenke_3\" width=\"1024\" height=\"768\" \/><\/a><\/p>\n","protected":false},"excerpt":{"rendered":"<p>Kurz vor der Ausgabe: Die Halle ist gut gef\u00fcllt! Kurz nach Hallen\u00f6ffnung: Der Ansturm war gro\u00df! Um 15 Uhr hatte sich das Angebot schon stark gelichtet<\/p>\n","protected":false},"author":3,"featured_media":0,"parent":528,"menu_order":0,"comment_status":"closed","ping_status":"closed","template":"","meta":{"_bbp_topic_count":0,"_bbp_reply_count":0,"_bbp_total_topic_count":0,"_bbp_total_reply_count":0,"_bbp_voice_count":0,"_bbp_anonymous_reply_count":0,"_bbp_topic_count_hidden":0,"_bbp_reply_count_hidden":0,"_bbp_forum_subforum_count":0,"footnotes":""},"class_list":["post-836","page","type-page","status-publish","hentry"],"_links":{"self":[{"href":"https:\/\/buergerforum-mengen.de\/blog\/wordpress\/wp-json\/wp\/v2\/pages\/836","targetHints":{"allow":["GET"]}}],"collection":[{"href":"https:\/\/buergerforum-mengen.de\/blog\/wordpress\/wp-json\/wp\/v2\/pages"}],"about":[{"href":"https:\/\/buergerforum-mengen.de\/blog\/wordpress\/wp-json\/wp\/v2\/types\/page"}],"author":[{"embeddable":true,"href":"https:\/\/buergerforum-mengen.de\/blog\/wordpress\/wp-json\/wp\/v2\/users\/3"}],"replies":[{"embeddable":true,"href":"https:\/\/buergerforum-mengen.de\/blog\/wordpress\/wp-json\/wp\/v2\/comments?post=836"}],"version-history":[{"count":1,"href":"https:\/\/buergerforum-mengen.de\/blog\/wordpress\/wp-json\/wp\/v2\/pages\/836\/revisions"}],"predecessor-version":[{"id":837,"href":"https:\/\/buergerforum-mengen.de\/blog\/wordpress\/wp-json\/wp\/v2\/pages\/836\/revisions\/837"}],"up":[{"embeddable":true,"href":"https:\/\/buergerforum-mengen.de\/blog\/wordpress\/wp-json\/wp\/v2\/pages\/528"}],"wp:attachment":[{"href":"https:\/\/buergerforum-mengen.de\/blog\/wordpress\/wp-json\/wp\/v2\/media?parent=836"}],"curies":[{"name":"wp","href":"https:\/\/api.w.org\/{rel}","templated":true}]}}